s + 4. What is c(m)?
-4
Let j(b) = -b - 2. Let n be j(-7). Suppose -3*l + n = -10. Let g(t) be the first derivative of -t**3/3 + 5*t**2/2 + 3*t - 1226. Calculate g(l).
3
Let b = -4 - -5. Let j(l) be the first derivative of -8*l**3/3 + l**2 + 2*l - 5. Let f(a) = -9*a**2 + 2*a + 3. Let i(u) = 3*f(u) - 4*j(u). What is i(b)?
4
Let u(j) = 5*j**3 + 6*j**2 - 5. Let v(w) = 3*w**3 + 4*w**2 - 3. Let l(q) = -5*u(q) + 8*v(q). What is l(3)?
-8
Suppose m + 14 = 3*m. Let j(y) = -m*y - 16*y**2 + 3 + 9*y**2 + 8*y**2. Give j(7).
3
Let v(j) = -j**3 + 30*j**2 - 28*j - 26. Let h be v(29). Let f(u) = -u**3 + u**2 + u. Give f(h).
-15
Let p(b) = -4*b + 18. Let o be 0/((-81)/(-216) - (-10)/16). What is p(o)?
18
Suppose -471 - 15 = 81*p. Let i(o) = o**2 + 2*o + 11. Calculate i(p).
35
Let u = 4 - -1. Let g(v) be the third derivative of v**7/2520 - v**6/144 + v**5/24 + v**4/12 - 16*v**2. Let x(m) be the second derivative of g(m). What is x(u)?
5
Let h(z) = z**2 + 0*z**2 + 1 + 7*z + 0. Suppose 25 = -5*l, 0*l + 5*l = -4*o + 11. Let u be (o - 3)*4/(-6). Calculate h(u).
-11
Let c(i) = -4*i - 17. Let t(n) = n**3 + 16*n**2 - 40*n - 80. Let k be t(-18). Calculate c(k).
15
Suppose 12 = 15*v + 72. Let u(c) = c**2 + 6*c + 9. Calculate u(v).
1
Let x(p) = 15*p**2 + p - 1. Let o be x(1). Let f = o - 7. Let b(h) = -h - h**2 + 1 + 3*h - f*h. What is b(-7)?
-6
Let t(j) be the second derivative of j**5/20 + j**4/6 - j**3/3 + 3*j**2/2 + 69*j. What is t(-3)?
0
Let r(t) = t**2 - 8*t - 6. Let p be r(9). Suppose -p*n - 3 = 5*c + 5, -4*c - 36 = -5*n. Let m be (36/4)/(-3) - c. Let l(v) = 8*v**2 - v. Give l(m).
7
Suppose 5*w + 2*i + 6 = 0, 2*w + 8 = -2*i + 2. Let g(l) = w*l + 15 - 2*l - l. Give g(6).
-3
Let x(p) = -7 + 0*p - p + 11 - p**3. Let z(n) = n**3 + 6*n**2 + 4*n - 5. Let w be z(-5). Suppose w = -0*r - r. Give x(r).
4
Suppose 2*f = -6*y + y + 43, 3*f + 3 = 0. Let u(n) = 15*n**2 + 0*n**2 - y*n**2. Determine u(-1).
6
Let j(n) = n**3 - 5*n**2 - 3*n + 8. Suppose 78*d = 98*d - 100. What is j(d)?
-7
Let h(y) = 5*y - 4. Suppose -80*c - 30 = -95*c. Calculate h(c).
6
Let k(i) = -i**2 - 10. Let j be (16/(-4) + 12)*(-2)/4. Let o = j - -4. Calculate k(o).
-10
Suppose -7 = 7*n - 49. Let y(c) = -c - 1. Let a(q) = 2*q + 2. Let l(m) = n*a(m) + 10*y(m). Calculate l(-3).
-4
Suppose 4*l = -0*l + 24. Let f(z) be the third derivative of 7/6*z**3 - 1/12*z**4 + 0 + 0*z - 49*z**2. Determine f(l).
-5
Let i(a) = a**2 + 3*a - 3. Suppose -66 - 14 = 5*t. Let q be t/2 + -6*(-3)/6. Calculate i(q).
7
Let c(r) = -10*r + 37. Let b(i) = i - 3. Let z(j) = -7*b(j) - c(j). Calculate z(5).
-1
Let v(x) = -x**3 - 10*x**2 - 8*x + 13. Let m be v(-9). Let f(t) = -3*t + 6. Let h(q) = -2*q + 3. Let k(w) = -4*f(w) + 7*h(w). Determine k(m).
-11
Suppose 0 = -w + 4 - 13. Let c(x) be the second derivative of -x**5/20 - 5*x**4/6 - 5*x**3/3 + x**2/2 - 215*x. Give c(w).
10
Let h be 2*(9/6 - 3). Let o(c) = 3*c + 3. Give o(h).
-6
Let x(n) = 3 - 17*n**2 - 22*n**2 + 6*n + 37*n**2 - 6*n. What is x(-4)?
-29
Let s(l) = 3*l**2 - 15*l - 11. Let f(b) = -8*b**2 + 44*b + 34. Let h(r) = -4*f(r) - 11*s(r). Give h(-10).
-5
Suppose 5 = -y + 11. Let u(t) = -t**2 + 9*t - 17. Let f be u(y). Let s(m) = 3 - 3*m - 7*m**2 - 2 + m. Give s(f).
-8
Let o be (2 + (-28)/10)*(-3 + -2). Suppose 7*f - o*f + 9 = 0. Let c(z) = -z**3 - 4*z**2 - 3*z + 3. Determine c(f).
3
Let w(g) = -86*g**2 + 85*g**2 + 11 - 17 + 4 - 14*g. Determine w(-12).
22
Let g(y) = 2*y**3 + 17*y**2 + 7*y - 3. Let o = -453 - -445. What is g(o)?
5
Let a(d) = d. Suppose 23 - 3 = 2*c + 4*l, 0 = -2*c - 2*l + 12. Suppose -5*v + 13 = 3*g, -3*g + 0*g = c*v - 7. Determine a(v).
2
Let c(g) = -g**3 + 7*g**2 - 10*g + 4. Let a = 578 + -573. What is c(a)?
4
Let f(v) = 10*v - 12 + 5*v**2 + 10 - 4*v**2. Give f(-5).
-27
Let j(c) = -4*c**2 - 3029 + 6*c**2 + 2*c + 3024. Give j(-3).
7
Let c(a) be the first derivative of 11*a**6/360 + a**5/120 + 37*a**3/3 - 35. Let y(u) be the third derivative of c(u). Determine y(-1).
10
Let b(v) = -v**2 - 8*v - 4. Suppose -84 + 12 = 9*h. Let c be b(h). Let s(t) = -t + 0*t - 2 + 2*t. Give s(c).
-6
Suppose 3*y = -8*y - 11. Let r(z) = 21*z**2 + z. Calculate r(y).
20
Let l(p) = 3*p**2 + 22*p - 22. Let u be l(-8). Let a(g) = -g**3 - 6*g**2 - 4. Calculate a(u).
-4
Let z(p) = -21*p + 3*p + 7*p + 2 - 3. Give z(-2).
21
Let l(b) = -23*b**2 - 114*b - 3. Let r be l(-5). Let v(y) = 6*y + 11. What is v(r)?
-37
Let m(j) = -3*j - 4. Let a(b) = -8 - 4*b + 9 + 5*b. Let r(n) = -2*a(n) - m(n). What is r(3)?
5
Let z(q) = -10*q - 5. Let l(h) = -36*h - 19. Let t(v) = -6*l(v) + 22*z(v). What is t(3)?
-8
Let p = 9 - 5. Let f(n) = -3*n**2 + p*n**2 + 1 + 3*n + n. Let a(o) = 1443*o + 2883. Let h be a(-2). Determine f(h).
-2
Suppose -60 = -3*j - 3*s + s, -4*j = -4*s - 100. Let p = j + -20. Let a(n) = 0*n - n + 0*n**p + 0*n**2 - n**2. What is a(-3)?
-6
Let k(s) be the first derivative of s**4/4 - s**3/3 + s**2/2 - 4*s - 2. Suppose -25*w = -20*w. Let p be k(w). Let m(n) = n**3 + 4*n**2 - 4*n + 2. What is m(p)?
18
Suppose 0 = -182*b + 178*b - 16. Let c(a) = -4*a - 15. Give c(b).
1
Let b(w) = -2*w + 3. Let d(y) = -4*y + 5. Let o(r) = -5*b(r) + 3*d(r). Suppose 4 - 16 = -3*l. Suppose 5*a + 16 = -2*j, 2*j + j = -l*a - 17. Determine o(a).
4
Let g(y) = y**3 - 3*y**2 - y - 5. Let z(p) = p - 3. Let x be z(4). Let u = -73 + 78. Let o = u - x. What is g(o)?
7
Let l(p) = p - 27. Let q = 938 - 919. Determine l(q).
-8
Let u(g) be the second derivative of -4*g**3 - 3*g - 15. Calculate u(1).
-24
Suppose 4*j + 7 = -5. Let t(a) = 2*a. Let b be t(j). Let g(s) = -33*s**2 + 32*s**2 - 6*s + 4 + 2. Calculate g(b).
6
Suppose 3*w - p = 2, -2*w = -48*p + 52*p + 8. Let f(n) = -n + 6. Calculate f(w).
6
Let b(l) = -l**2 + 2*l + 5. Let w be 8/10 + 48/15. Give b(w).
-3
Let o(d) = 21*d - 18 - 20*d - 1. Calculate o(-10).
-29
Let c = -18 - -29. Let k = -4 + c. Let f = 11 - k. Let o(t) = t**3 - 4*t**2 + t + 2. Determine o(f).
6
Let o(r) be the third derivative of r**5/120 - 7*r**4/24 + 4*r**3/3 + 13*r**2. Let s(j) be the first derivative of o(j). Determine s(6).
-1
Let c(a) be the first derivative of -a**6/120 + a**5/60 - a**4/12 + a**3/3 + 35*a**2/2 + 33. Let b(n) be the second derivative of c(n). Calculate b(2).
-6
Let f(y) = -y**3 - 6*y**2 - 8*y - 6. Let k be -1 + (-5 - -1) + -1. Let t(b) = -44*b**3 + 3*b + 5*b + 43*b**3 + 7 - 5*b**2. Let l be t(k). Calculate f(l).
9
Let z(c) be the first derivative of c**2/2 - 2*c + 6256. Let h = -2 - -7. Calculate z(h).
3
Let n(o) = -663 + 667 + 3*o - 6*o - o**2. Give n(-3).
4
Let t = -49 - -51. Let j(m) = -3*m - 4*m + 6 - 10 + m**3 + 5*m**t. Determine j(-6).
2
Let f(s) = -2*s**3 + 22*s**2 + 5. Let x = -781 - -792. Determine f(x).
5
Let w(d) = -3*d + 2. Let x(j) = 2*j - 2. Let z(a) = -2*w(a) - x(a). Calculate z(-4).
-18
Suppose q + 1 = -2*n - n, -4*n - 4*q = 4. Let y(k) = 15*k**2 - 14*k**2 - 1 - 3*k + 4*k. Give y(n).
-1
Let j(g) = -5*g - 2. Let y(c) = -3*c - 1. Let p(x) = -6*j(x) + 13*y(x). Suppose 0 = -23*u + 28*u - 15, -4*n + 2*u = 10. What is p(n)?
8
Let i(y) = -2*y**2 + y - 1. Suppose 0 = -6*p + 36 - 6. Suppose -p*u + 0 - 10 = 0. Calculate i(u).
-11
Let a = -2 - -8. Let d(c) be the third derivative of c**5/60 - 7*c**4/24 + 5*c**3/6 + 518*c**2. Calculate d(a).
-1
Let g(x) = 3*x - 1. Let q(r) be the third derivative of r**4/8 - r**3/3 + 13*r**2. Let b(k) = 3*g(k) - 4*q(k). Give b(5).
-10
Suppose 1931 = -5*q + 1961. Let u(h) be the third derivative of 1/60*h**5 + 0*h + 0 - 7/6*h**3 + 5/24*h**4 - q*h**2. Calculate u(-7).
7
Let c(s) be the first derivative of s**4/4 + s**3 - 2*s**2 + 4*s + 22. Let i be (-3 - -7) + -8 - 0. Determine c(i).
4
Let k(n) = -n**3 + 4*n**2 + 5*n - 1. Suppose 6 + 4 = 2*g. Suppose -g*o + s + 24 = 0, o - 3*s - 22 = -4*o. Calculate k(o).
-1
Let k be (-4)/((-6)/(6 - 3)). Let c be (-1)/k*(-7 - -5). Let z(x) = -c + 1 + 14*x**2 - 4*x + 3*x. What is z(-1)?
15
Suppose c - 2*j - 23 = 0, 0 = 4*c + j - 66 + 1. Let a(z) = 8 - 25 + z + c. Calculate a(-2).
-2
Let s(w) = -4*w + 1. Let r = 129 - 120. Let i(j) = -2*j + 1 - 3*j**2 + 4*j**2 - 7*j. Let m be i(r). Give s(m).
-3
Let l(n) be the third derivative of -n**5/60 - 13*n**4/24 - 2*n**3/3 + 307*n**2. Calculate l(-10).
26
Let v(o) = -o + 3. Let g be v(2). Let k be 5/g*(-2)/(-5). Let u(h) = -h + 4. Give u(k).
2
Let p(q) = 2*q + 101. Let i(y) = -3*y - 166